11) + 13.
18
17 + -5 + (8 - 25)
-5
What is 1 - 2 - -8 - ((6 - 14) + 14)?
1
Calculate -3 - 7 - (-1 + 2).
-11
(-53 + -3 - -46) + (16 - 1)
5
-1 + 22 + -15 + -18
-12
What is the value of (65 - 70) + 20 + -1 + 19?
33
What is 5 + 10 + -31 + 2?
-14
Calculate -4 - ((9 - -7) + -4) - (3 - 6).
-13
What is -2 + 27 + -9 + -11?
5
What is the value of (3 - -5) + (-4 - 4)?
0
Evaluate 3 - (-6 - -6) - -4 - (5 - -2).
0
Calculate -8 - ((17 - 62 - -2) + 4).
31
Calculate 83 - 106 - (7 + -4).
-26
What is 8 + -1 - (12 - (6 - (10 + -17)))?
8
0 + -5 - (-230 - -217)
8
Evaluate (-19 - 41) + 56 + 0 + -1.
-5
Calculate (2 + -1 - 7) + (89 - 35 - 37).
11
What is the value of -5 + 0 + 1 + (-2 - (-4 + 1))?
-3
(-11 - 15) + (-53 - -69)
-10
What is the value of 11 + (-2 - -1 - 2) - (-259 + 251)?
16
Evaluate -17 - 6 - ((-8 - -14) + -15).
-14
268 + -258 - (-1 + 8)
3
Evaluate -18 + (-9 + (14 - 17) - -11).
-19
-58 + 29 - 9 - (-17 - -2)
-23
What is the value of -255 - -241 - (-1 + -9 - 1)?
-3
Calculate (5 - 4) + 11 + (-3 - -2 - 2).
9
(7 - 6) + -4 - (24 - 16)
-11
What is the value of -9 + 3 + -11 - -8 - -3?
-6
Evaluate -4 - (-13 + 33 + -18) - (1 - -16).
-23
What is 43 + -51 + 0 + -2 + 5 + 4?
-1
Evaluate -1 + 8 - (7 + 0 + -7).
7
What is the value of 2 + (-8 - -3) + 14 + (6 - 7)?
10
What is -4 - (-14 - -17) - -12?
5
What is the value of (-18 - -15) + 10 + 1?
8
What is 13 - (30 + (-15 - -4) + -5)?
-1
What is the value of 5 + (-3 - 1) - (21 + -12) - 9?
-17
What is the value of 2 + (-14 - -13) - (1 + -8) - -5?
13
Evaluate -3 - -9 - (12 - 7 - 0).
1
38 + -17 + 0 + (4 - 4 - 7)
14
Calculate 25 + (-6 - 6) + -35.
-22
What is the value of 0 + 6 + 93 + -69?
30
-2 - (22 + 11 + 2)
-37
19 - (33 - -11) - -34
9
(2564 - 2590) + (1 - (-9 + 1))
-17
What is -1 - 6 - (4 - (14 + -18))?
-15
Evaluate 22 + (-15 - -15) + -11 + 4.
15
154 + -168 + (-3 - -2 - -5)
-10
Calculate 6 - (-2 - (-3 + (2 - -9))).
16
14 - (26 - 23) - -15
26
Evaluate 11 + 3 + -12 + (-13 - (0 + 0)).
-11
Evaluate 0 + 1 - (-31 - -13 - -6 - 4).
17
12 + -4 + 4 + -4
8
Evaluate -15 + 10 + 4 + -2.
-3
Evaluate 7 + (-3 - (3 - 4)) + -47 + 49.
7
Evaluate 2 - (3 - 16) - (-4 - (-23 + 13)).
9
Evaluate (-4 - (4 + 1)) + 27 + -17.
1
Calculate -8 - (-5 + -4 + 2 + -14 + 7).
6
(7 - 11 - 8) + 15
3
(0 - 13) + -60 + -10 + 65
-18
21 + -3 - 3 - (19 + -16)
12
What is -9 + (-12 + 26 - 5)?
0
What is 6 + (15 - (23 + -14))?
12
Calculate -2 + (-95 - -102) + 0 + 4 + -6.
3
Calculate -105 + 101 - (-2 + -5 + 2).
1
What is the value of (1 - 14 - (-8 + 2)) + (6 - 5)?
-6
What is the value of (12 - -3) + (-2 - 5) + 2?
10
Calculate 15 + 0 + (-130 - -128) + 8.
21
Evaluate 0 + -11 + 10 + (1 - 3).
-3
-19 - (5 - (30 - 9))
-3
What is (7 + 9 - 10) + 2 + -4 + 1?
5
Calculate (-3 - -4) + (24 - (13 - 4)).
16
What is the value of -16 + 19 + (3 - -4 - 0) - -7?
17
What is the value of (18 - 0) + -125 + 113?
6
What is 36 + -12 + -12 - 11 - -14?
15
Evaluate -4 + -7 + 13 + (9 - -2).
13
-9 - (6 + (-11 - 11 - -13))
-6
What is (-39 - -3) + (111 - 90)?
-15
What is 6 + 4 + (2 - -1) - (-5 + -1)?
19
-1 + (-5 - -9 - 8) + 7 + 1
3
What is 3 - (12 + -16 + 8)?
-1
4 - 10 - (1 - (-1 + 0))
-8
What is the value of 0 + 5 + (-409 - -401)?
-3
What is the value of 18 + 5 + (-2 - (-9 - (-15 + 2)))?
17
-5 + (-3 + 3 - (7 - (15 - 9)))
-6
What is the value of (4 - 13) + (-26 - -29)?
-6
Calculate (20 - 22 - 4) + -15.
-21
What is the value of 17 - -1 - (-21 - -60)?
-21
Calculate 24 + 11 - 33 - 10.
-8
Calculate -5 + (4 - 1) + -1 + (1 - 0).
-2
What is -3 - (7 - (5 - (0 - -3)))?
-8
-1 + -4 + (-8 - (-9 + 7))
-11
What is the value of 13 - 8 - -4 - (13 - 2)?
-2
What is the value of -20 - (-27 + 40 + -9)?
-24
What is -15 + 3 - (-65 + 54)?
-1
What is the value of (-82 - -80) + (21 - (0 + 2)) + 2?
19
What is 5 - ((3 - -3) + 4) - (-1 - -8)?
-12
What is the value of 3 - (-2 + (21 - 11))?
-5
What is 10 + (-9 - (-16 + 18)) + (-34 - 1)?
-36
What is the value of 0 + -7 + (199 - 160) + -20?
12
What is the value of 3 + (8 - (4 + -3 + 7))?
3
Evaluate 6 + (28 - (8 - 9 - -9)).
26
(2 - (9 - -1)) + (54 - 53)
-7
-18 + 11 + -7 + -2 + 1
-15
(19 - 20) + -3 + 1
-3
Evaluate (-16 + 15 + 16 - -20) + -12.
23
What is the value of 17 + (-19 - (-15 + 21))?
-8
Calculate (3 - (-7 - -13)) + 15 - (-1 - 1).
14
Evaluate -8 + (-22 + 19 - (-1 - -1)).
-11
What is the value of (2 - (-3 + 2) - (11 + -14)) + 6?
12
What is 74 - 82 - (0 + -11)?
3
What is 2 + (-5 + 5 - (-2 + 1))?
3
Calculate (193 - 191) + 14 + 1 - (4 + 5).
8
Calculate -7 - ((11 - 8 - 7) + -9).
6
Calculate 14 + -11 + -1 + -11 + -12.
-21
Evaluate (12 - 18 - (0 + -6)) + (16 - 0).
16
Calculate -3 + -1 - (-1 - -3) - (843 - 840).
-9
5 - -1 - (-29 + 46)
-11
Evaluate (-4 - -8 - -7) + 55 + -44.
22
What is the value of -6 - (27 + -8 + -10)?
-15
Calculate 1 - 8 - (25 - 16 - 16).
0
Calculate (7 - 16 - -9) + 6 - -14.
20
What is (16 - 25) + (-15 - -30)?
6
What is 8 + -1 - (-17 + 46)?
-22
What is -1520 + 1561 - (1 - -39)?
1
Evaluate -6 + 1 + (45 + -22 - 28).
-10
Evaluate -10 + 20 + -16 + 8 + 1.
3
What is the value of (-20 - -20) + -4 + 1 + 0 + 0?
-3
Evaluate (-9 + -4 + 4 - -23) + -8 + 2.
8
What is the value of (3 - (10 + (-8 - (7 + -8)))) + -7?
-7
32 + -22 - (-18 + 20 + 21 + 2)
-15
What is 0 + (-1 - -51) + (2100 - 2118)?
32
Evaluate (0 - 9) + (175 - 159) + 8.
15
(-12 - (6 - 14)) + (-1 + 11 - 1)
5
Calculate 264 + -278 - (19 + -1).
-32
Evaluate -25 - (-19 - (9 - (16 + -3))).
-10
Calculate -17 + (0 + 7 - (-11 - -14)).
-13
Evaluate 1 + (1 + 0 + 12 - 5).
9
Calculate 350 + -371 - (0 + -21).
0
What is 12 + (-10 + 3 - 1) + (4 - -7)?
15
What is the value of -124 + 111 - ((-5 - -4) + -4)?
-8
What is 24 + 21 - (21 + -4)?
28
What is -5 + 0 + (-2 + 8 + -12 - -6)?
-5
Evaluate 3 + 2 + 8 + (-2 - 6).
5
Calculate 18 + -9 + 2 - (-1 + 1).
11
Calculate (19 - (10 - -5)) + (-7 - 2).
-5
Calculate (-33 - 2) + (-486 - -515).
-6
Calculate (-5 - -4 - (-6 - -2)) + -8.
-5
What is the value of -1 + -3 + -2 - (37 + -22)?
-21
1 + -11 - (5 + -26 + 13 + 14)
-16
Calculate 3 - (1 - 8 - (-9 - 5) - -10).
-14
Evaluate -1 - 8 - ((19 - 11) + -19).
2
What is the value of (-28 - -71) + 5 - 24?
24
(-2 - ((0 - 7) + -4)) + (0 - -12)
21
Calculate (-1 - 14 - (0 + (11 - 9))) + 0.
-17
What is the value of 33 + -10 + -21 + 29?
31
Evaluate (2 - -10) + (8 - 3 - (6 - -4)).
7
(-2 - 1 - (-1 - -18)) + -4 + 5
-19
What is the value of -2 - (13 + (4 - (10 + 4)) - 21)?
16
4 - (-32 - -7 - -16)
13
31 + -7 + (9 + -5 + -2 - 3)
23
-22 + (-13 - -18 - -5)
-12
What is (13 + 8 - 15) + -13?
-7
What is -8 - 0 - -1 - (19 - (6 + 16))?
-4
Evaluate -52 + 75 - -5 - (-1 - -9).
20
What is the value of -14 - (0 + -2 - (4 - (-16 - -22)))?
-14
What is the value of (24 - (13 + -17)) + -22?
6
-5 + (-8 - -1 - (1 + -9))
-4
Calculate 21 - (-25 + (55 - 23)).
14
(10 - 12) + -3 - -7
2
-43 + (-6 + 28 - -25)
4
Evaluate (0 - -7) + -10 + 2 - -3.
2
6 + 6 + (-8 - (4 - 6))
6
Calculate (-137 - -134) + (-1 - 0 - 2).
-6
What is -14 - (30 + -16 + -37)?
9
Evaluate -7 + (2 + 25 - (-4 + 6)).
18
Calculate (2 - 14) + 19 - (0 - 1).
8
Evaluate 1 + 19 - 11 - -6.
15
What is (-2 - 3) + (184 - 187) + -12?
-20
What is the value of -3 + 5 + -11 + -4 + 2?
-11
-2 + (-4 - -1) + 21 + -11
5
Evaluate 1 + (14 - (7 + 2)).
6
Evaluate -6 + (-4 - -9) + 8 + -8 + 12.
11
Calculate 5 + -17 + 11 - (3 - 0).
-4
What is 0 + 15 - (-127 - -135)?
7
What is the value of -3 + (10 - 22) + (-3 - -9)?
-9
Calculate -20 + 0 - (43 + -29 + -17).
-17
What is (-24 - -1) + (8 - 0)?
-15
What is the value of 18 + (52 - (47 + -15)) + (1 - 12)?
27
0 + 2 + -2 - (16 + (-8 - 4))
-4
What is the value of 25 + -14 + 2 - (3 - 1)?
11
Evaluate (-35 - -42) + (-6 - (2 - 4)).
3
What is (0 - -2) + (7 + 2 - 22) + 14?
3
-20 + 6 + -17 + 22
-9
What is the value of 7 - (23 + -8 - 11)?
3
Calculate (0 - (17 - 17)) + -1.
-1
Evaluate -9 + -1 + 2 + (-41 + 19 - -14).
-16
Evaluate 12 - (-19 - -11) - 27.
-7
2 + -5 + (6 - -3) + (-1 - -12)
17
What is the value of -22 - (13 + -14 - -10 - 8)?
-23
-24 + -4 + 22 + 4
-2
Calculate (-33 - -18) + 54 + -30.
9
(-29 - -11) + (19 - 11) - 15
-25
-694 + 679 + -11 + -1
-27
(-7 + -2 - (28 + -21)) + 9 - 7
-14
Evaluate (13 - 8) + (-14 - (7 - (3 - 6))).
-19
Evaluate -48 + 65 + (-62 - -30).
-15
Evaluate (24 - (35 - 3)) + (1 - 0) + 19.
12
Calculate -11 + 34 - (-87 + 79).
31
Evaluate -13 + (2 - -6) + -4 + 6.
-3
39 + 21 + 21 + -64
17
-4 - (-10 - -2 - (8 - 13) - 16)
15